{"id":116,"date":"2018-01-24T14:27:47","date_gmt":"2018-01-24T14:27:47","guid":{"rendered":"http:\/\/www.didacticaymatematicas.info\/SAI-content\/?page_id=116"},"modified":"2019-02-05T14:05:22","modified_gmt":"2019-02-05T14:05:22","slug":"cancion-yo-tenia-diez-perritos","status":"publish","type":"page","link":"https:\/\/www.didacticaymatematicas.info\/SAI-content\/cancion-yo-tenia-diez-perritos\/","title":{"rendered":"Cancion-yo-tenia-diez-perritos"},"content":{"rendered":"\t\t<div data-elementor-type=\"wp-page\" data-elementor-id=\"116\" class=\"elementor elementor-116 elementor-bc-flex-widget\">\n\t\t\t\t\t\t<div class=\"elementor-inner\">\n\t\t\t\t<div class=\"elementor-section-wrap\">\n\t\t\t\t\t\t\t\t\t<section class=\"elementor-section elementor-top-section elementor-element elementor-element-600c144f elementor-section-boxed elementor-section-height-default elementor-section-height-default\" data-id=\"600c144f\" data-element_type=\"section\" data-settings=\"{&quot;background_background&quot;:&quot;classic&quot;}\">\n\t\t\t\t\t\t<div class=\"elementor-container elementor-column-gap-default\">\n\t\t\t\t\t\t\t<div class=\"elementor-row\">\n\t\t\t\t\t<div class=\"elementor-column elementor-col-100 elementor-top-column elementor-element elementor-element-69c0340f\" data-id=\"69c0340f\" data-element_type=\"column\">\n\t\t\t<div class=\"elementor-column-wrap elementor-element-populated\">\n\t\t\t\t\t\t\t<div class=\"elementor-widget-wrap\">\n\t\t\t\t\t\t<div class=\"elementor-element elementor-element-7184e9fa elementor-widget elementor-widget-menu-anchor\" data-id=\"7184e9fa\" data-element_type=\"widget\" data-widget_type=\"menu-anchor.default\">\n\t\t\t\t<div class=\"elementor-widget-container\">\n\t\t\t\t\t<div id=\"inicio\" class=\"elementor-menu-anchor\"><\/div>\n\t\t\t\t<\/div>\n\t\t\t\t<\/div>\n\t\t\t\t<div class=\"elementor-element elementor-element-76c0a97b elementor-widget elementor-widget-spacer\" data-id=\"76c0a97b\" data-element_type=\"widget\" data-widget_type=\"spacer.default\">\n\t\t\t\t<div class=\"elementor-widget-container\">\n\t\t\t\t\t<div class=\"elementor-spacer\">\n\t\t\t<div class=\"elementor-spacer-inner\"><\/div>\n\t\t<\/div>\n\t\t\t\t<\/div>\n\t\t\t\t<\/div>\n\t\t\t\t<section class=\"elementor-section elementor-inner-section elementor-element elementor-element-3a297ceb elementor-section-boxed elementor-section-height-default elementor-section-height-default\" data-id=\"3a297ceb\" data-element_type=\"section\">\n\t\t\t\t\t\t<div class=\"elementor-container elementor-column-gap-default\">\n\t\t\t\t\t\t\t<div class=\"elementor-row\">\n\t\t\t\t\t<div class=\"elementor-column elementor-col-50 elementor-inner-column elementor-element elementor-element-5a68f4cb\" data-id=\"5a68f4cb\" data-element_type=\"column\">\n\t\t\t<div class=\"elementor-column-wrap elementor-element-populated\">\n\t\t\t\t\t\t\t<div class=\"elementor-widget-wrap\">\n\t\t\t\t\t\t<div class=\"elementor-element elementor-element-bee6013 elementor-widget elementor-widget-html\" data-id=\"bee6013\" data-element_type=\"widget\" data-widget_type=\"html.default\">\n\t\t\t\t<div class=\"elementor-widget-container\">\n\t\t\t<a href=\"javascript:history.back()\" style=\"color:#D6AE01; font-size:15px;\" ><b>Volver a men\u00fa canciones<\/b><\/a>\t\t<\/div>\n\t\t\t\t<\/div>\n\t\t\t\t\t\t<\/div>\n\t\t\t\t\t<\/div>\n\t\t<\/div>\n\t\t\t\t<div class=\"elementor-column elementor-col-50 elementor-inner-column elementor-element elementor-element-552dcf06\" data-id=\"552dcf06\" data-element_type=\"column\">\n\t\t\t<div class=\"elementor-column-wrap\">\n\t\t\t\t\t\t\t<div class=\"elementor-widget-wrap\">\n\t\t\t\t\t\t\t\t<\/div>\n\t\t\t\t\t<\/div>\n\t\t<\/div>\n\t\t\t\t\t\t\t\t<\/div>\n\t\t\t\t\t<\/div>\n\t\t<\/section>\n\t\t\t\t<div class=\"elementor-element elementor-element-3c2cc5fb elementor-widget elementor-widget-spacer\" data-id=\"3c2cc5fb\" data-element_type=\"widget\" data-widget_type=\"spacer.default\">\n\t\t\t\t<div class=\"elementor-widget-container\">\n\t\t\t\t\t<div class=\"elementor-spacer\">\n\t\t\t<div class=\"elementor-spacer-inner\"><\/div>\n\t\t<\/div>\n\t\t\t\t<\/div>\n\t\t\t\t<\/div>\n\t\t\t\t<div class=\"elementor-element elementor-element-44556680 elementor-widget elementor-widget-heading\" data-id=\"44556680\" data-element_type=\"widget\" data-widget_type=\"heading.default\">\n\t\t\t\t<div class=\"elementor-widget-container\">\n\t\t\t<h2 class=\"elementor-heading-title elementor-size-default\">Yo ten\u00eda diez perritos<\/h2>\t\t<\/div>\n\t\t\t\t<\/div>\n\t\t\t\t<section class=\"elementor-section elementor-inner-section elementor-element elementor-element-f035d01 elementor-section-boxed elementor-section-height-default elementor-section-height-default\" data-id=\"f035d01\" data-element_type=\"section\">\n\t\t\t\t\t\t<div class=\"elementor-container elementor-column-gap-default\">\n\t\t\t\t\t\t\t<div class=\"elementor-row\">\n\t\t\t\t\t<div class=\"elementor-column elementor-col-50 elementor-inner-column elementor-element elementor-element-295df17\" data-id=\"295df17\" data-element_type=\"column\">\n\t\t\t<div class=\"elementor-column-wrap elementor-element-populated\">\n\t\t\t\t\t\t\t<div class=\"elementor-widget-wrap\">\n\t\t\t\t\t\t<div class=\"elementor-element elementor-element-25ebf3c1 elementor-widget elementor-widget-image\" data-id=\"25ebf3c1\" data-element_type=\"widget\" data-widget_type=\"image.default\">\n\t\t\t\t<div class=\"elementor-widget-container\">\n\t\t\t\t\t\t\t\t<div class=\"elementor-image\">\n\t\t\t\t\t\t\t\t\t\t\t\t<img decoding=\"async\" width=\"300\" height=\"161\" src=\"https:\/\/www.didacticaymatematicas.info\/SAI-content\/wp-content\/uploads\/2018\/01\/diezperritos-300x161.png\" class=\"attachment-medium size-medium wp-image-214\" alt=\"\" loading=\"lazy\" srcset=\"https:\/\/www.didacticaymatematicas.info\/SAI-content\/wp-content\/uploads\/2018\/01\/diezperritos-300x161.png 300w, https:\/\/www.didacticaymatematicas.info\/SAI-content\/wp-content\/uploads\/2018\/01\/diezperritos.png 401w\" sizes=\"(max-width: 300px) 100vw, 300px\" \/>\t\t\t\t\t\t\t\t\t\t\t\t\t\t<\/div>\n\t\t\t\t\t\t<\/div>\n\t\t\t\t<\/div>\n\t\t\t\t\t\t<\/div>\n\t\t\t\t\t<\/div>\n\t\t<\/div>\n\t\t\t\t<div class=\"elementor-column elementor-col-50 elementor-inner-column elementor-element elementor-element-9fdae53\" data-id=\"9fdae53\" data-element_type=\"column\">\n\t\t\t<div class=\"elementor-column-wrap elementor-element-populated\">\n\t\t\t\t\t\t\t<div class=\"elementor-widget-wrap\">\n\t\t\t\t\t\t<div class=\"elementor-element elementor-element-a70f275 elementor-widget elementor-widget-video\" data-id=\"a70f275\" data-element_type=\"widget\" data-settings=\"{&quot;youtube_url&quot;:&quot;https:\\\/\\\/www.youtube.com\\\/watch?v=2BRdh1mQsT0&quot;,&quot;video_type&quot;:&quot;youtube&quot;,&quot;controls&quot;:&quot;yes&quot;}\" data-widget_type=\"video.default\">\n\t\t\t\t<div class=\"elementor-widget-container\">\n\t\t\t\t\t<div class=\"elementor-wrapper elementor-open-inline\">\n\t\t\t<div class=\"elementor-video\"><\/div>\t\t<\/div>\n\t\t\t\t<\/div>\n\t\t\t\t<\/div>\n\t\t\t\t<div class=\"elementor-element elementor-element-70e190e elementor-widget elementor-widget-text-editor\" data-id=\"70e190e\" data-element_type=\"widget\" data-widget_type=\"text-editor.default\">\n\t\t\t\t<div class=\"elementor-widget-container\">\n\t\t\t\t\t\t\t\t<div class=\"elementor-text-editor elementor-clearfix\">\n\t\t\t\t<p><span style=\"color: #ffffff;\">Fuente:\u00a0https:\/\/www.youtube.com\/watch?v=2BRdh1mQsT0<\/span><\/p>\t\t\t\t\t<\/div>\n\t\t\t\t\t\t<\/div>\n\t\t\t\t<\/div>\n\t\t\t\t\t\t<\/div>\n\t\t\t\t\t<\/div>\n\t\t<\/div>\n\t\t\t\t\t\t\t\t<\/div>\n\t\t\t\t\t<\/div>\n\t\t<\/section>\n\t\t\t\t<div class=\"elementor-element elementor-element-5d42afb5 elementor-widget elementor-widget-spacer\" data-id=\"5d42afb5\" data-element_type=\"widget\" data-widget_type=\"spacer.default\">\n\t\t\t\t<div class=\"elementor-widget-container\">\n\t\t\t\t\t<div class=\"elementor-spacer\">\n\t\t\t<div class=\"elementor-spacer-inner\"><\/div>\n\t\t<\/div>\n\t\t\t\t<\/div>\n\t\t\t\t<\/div>\n\t\t\t\t\t\t<\/div>\n\t\t\t\t\t<\/div>\n\t\t<\/div>\n\t\t\t\t\t\t\t\t<\/div>\n\t\t\t\t\t<\/div>\n\t\t<\/section>\n\t\t\t\t<section class=\"elementor-section elementor-top-section elementor-element elementor-element-79b64990 elementor-section-boxed elementor-section-height-default elementor-section-height-default\" data-id=\"79b64990\" data-element_type=\"section\" data-settings=\"{&quot;background_background&quot;:&quot;classic&quot;}\">\n\t\t\t\t\t\t<div class=\"elementor-container elementor-column-gap-default\">\n\t\t\t\t\t\t\t<div class=\"elementor-row\">\n\t\t\t\t\t<div class=\"elementor-column elementor-col-100 elementor-top-column elementor-element elementor-element-d588d9d\" data-id=\"d588d9d\" data-element_type=\"column\">\n\t\t\t<div class=\"elementor-column-wrap elementor-element-populated\">\n\t\t\t\t\t\t\t<div class=\"elementor-widget-wrap\">\n\t\t\t\t\t\t<div class=\"elementor-element elementor-element-3b916ba7 elementor-widget elementor-widget-text-editor\" data-id=\"3b916ba7\" data-element_type=\"widget\" data-widget_type=\"text-editor.default\">\n\t\t\t\t<div class=\"elementor-widget-container\">\n\t\t\t\t\t\t\t\t<div class=\"elementor-text-editor elementor-clearfix\">\n\t\t\t\t<p style=\"text-align: center;\"><span style=\"color: #800000;\">Yo ten\u00eda diez perritos,<\/span><\/p><p style=\"text-align: center;\"><span style=\"color: #800000;\">yo ten\u00eda diez perritos.<\/span><\/p><p style=\"text-align: center;\"><span style=\"color: #800000;\">Uno se perdi\u00f3 en la nieve.<\/span><\/p><p style=\"text-align: center;\"><span style=\"color: #800000;\">no le quedan m\u00e1s que nueve.<\/span><\/p><p style=\"text-align: center;\"><span style=\"color: #800000;\">De los nueve que quedaban (bis)<\/span><\/p><p style=\"text-align: center;\"><span style=\"color: #800000;\">uno se comi\u00f3 un bizcocho.<\/span><\/p><p style=\"text-align: center;\"><span style=\"color: #800000;\">No le quedan m\u00e1s que ocho.<\/span><\/p><p style=\"text-align: center;\"><span style=\"color: #800000;\">De los ocho que quedaban (bis)<\/span><\/p><p style=\"text-align: center;\"><span style=\"color: #800000;\">uno se meti\u00f3 en un brete.<\/span><\/p><p style=\"text-align: center;\"><span style=\"color: #800000;\">No le quedan m\u00e1s que siete.<\/span><\/p><p style=\"text-align: center;\"><span style=\"color: #800000;\">De los siete que quedaron (bis)<\/span><\/p><p style=\"text-align: center;\"><span style=\"color: #800000;\">uno ya no le ver\u00e9is.<\/span><\/p><p style=\"text-align: center;\"><span style=\"color: #800000;\">No le quedan m\u00e1s que seis.<\/span><\/p><p style=\"text-align: center;\"><span style=\"color: #800000;\">De los seis que me quedaron (bis)<\/span><\/p><p style=\"text-align: center;\"><span style=\"color: #800000;\">uno se mat\u00f3 de un brinco.<\/span><\/p><p style=\"text-align: center;\"><span style=\"color: #800000;\">No le quedan m\u00e1s que cinco.<\/span><\/p><p style=\"text-align: center;\"><span style=\"color: #800000;\">De los cinco que quedaron (bis)<\/span><\/p><p style=\"text-align: center;\"><span style=\"color: #800000;\">uno se mat\u00f3 en el teatro.<\/span><\/p><p style=\"text-align: center;\"><span style=\"color: #800000;\">No le quedan m\u00e1s que cuatro.<\/span><\/p><p style=\"text-align: center;\"><span style=\"color: #800000;\">De los cuatro que quedaban (bis)<\/span><\/p><p style=\"text-align: center;\"><span style=\"color: #800000;\">uno se volvi\u00f3 al rev\u00e9s.<\/span><\/p><p style=\"text-align: center;\"><span style=\"color: #800000;\">No le quedan m\u00e1s que tres.<\/span><\/p><p style=\"text-align: center;\"><span style=\"color: #800000;\">De los tres que me quedaban (bis)<\/span><\/p><p style=\"text-align: center;\"><span style=\"color: #800000;\">uno se muri\u00f3 de tos.<\/span><\/p><p style=\"text-align: center;\"><span style=\"color: #800000;\">No le quedan m\u00e1s que dos.<\/span><\/p><p style=\"text-align: center;\"><span style=\"color: #800000;\">De los dos que me quedaban (bis)<\/span><\/p><p style=\"text-align: center;\"><span style=\"color: #800000;\">uno se volvi\u00f3 un tuno.<\/span><\/p><p style=\"text-align: center;\"><span style=\"color: #800000;\">No le queda m\u00e1s que uno.<\/span><\/p><p style=\"text-align: center;\"><span style=\"color: #800000;\">Y el que me quedaba<\/span><\/p><p style=\"text-align: center;\"><span style=\"color: #800000;\">un d\u00eda se march\u00f3 al campo<\/span><\/p><p style=\"text-align: center;\"><span style=\"color: #800000;\">y ya no me queda ninguno<\/span><\/p><p style=\"text-align: center;\"><span style=\"color: #800000;\">de los diez perritos.<\/span><\/p>\t\t\t\t\t<\/div>\n\t\t\t\t\t\t<\/div>\n\t\t\t\t<\/div>\n\t\t\t\t\t\t<\/div>\n\t\t\t\t\t<\/div>\n\t\t<\/div>\n\t\t\t\t\t\t\t\t<\/div>\n\t\t\t\t\t<\/div>\n\t\t<\/section>\n\t\t\t\t<section class=\"elementor-section elementor-top-section elementor-element elementor-element-1ab4882b elementor-section-boxed elementor-section-height-default elementor-section-height-default\" data-id=\"1ab4882b\" data-element_type=\"section\" data-settings=\"{&quot;background_background&quot;:&quot;classic&quot;}\">\n\t\t\t\t\t\t<div class=\"elementor-container elementor-column-gap-default\">\n\t\t\t\t\t\t\t<div class=\"elementor-row\">\n\t\t\t\t\t<div class=\"elementor-column elementor-col-100 elementor-top-column elementor-element elementor-element-62fcbc9e\" data-id=\"62fcbc9e\" data-element_type=\"column\">\n\t\t\t<div class=\"elementor-column-wrap elementor-element-populated\">\n\t\t\t\t\t\t\t<div class=\"elementor-widget-wrap\">\n\t\t\t\t\t\t<div class=\"elementor-element elementor-element-746e35a0 elementor-widget elementor-widget-text-editor\" data-id=\"746e35a0\" data-element_type=\"widget\" data-widget_type=\"text-editor.default\">\n\t\t\t\t<div class=\"elementor-widget-container\">\n\t\t\t\t\t\t\t\t<div class=\"elementor-text-editor elementor-clearfix\">\n\t\t\t\t<p style=\"text-align: right;\">Fuente:\u00a0https:\/\/www.aboutespanol.com\/letras-de-canciones-infantiles-18442<\/p><p style=\"text-align: right;\">Autor:\u00a0<span>Jos\u00e9 M\u00aa Plaza<\/span><\/p>\t\t\t\t\t<\/div>\n\t\t\t\t\t\t<\/div>\n\t\t\t\t<\/div>\n\t\t\t\t<div class=\"elementor-element elementor-element-4d0d1b1c elementor-align-right elementor-widget elementor-widget-button\" data-id=\"4d0d1b1c\" data-element_type=\"widget\" data-widget_type=\"button.default\">\n\t\t\t\t<div class=\"elementor-widget-container\">\n\t\t\t\t\t<div class=\"elementor-button-wrapper\">\n\t\t\t<a href=\"#inicio\" class=\"elementor-button-link elementor-button elementor-size-md\" role=\"button\">\n\t\t\t\t\t\t<span class=\"elementor-button-content-wrapper\">\n\t\t\t\t\t\t\t<span class=\"elementor-button-icon elementor-align-icon-left\">\n\t\t\t\t\t\t\t\t\t<i class=\"fa fa-arrow-circle-up\" aria-hidden=\"true\"><\/i>\n\t\t\t\t\t\t\t<\/span>\n\t\t\t\t\t\t<span class=\"elementor-button-text\"><\/span>\n\t\t<\/span>\n\t\t\t\t\t<\/a>\n\t\t<\/div>\n\t\t\t\t<\/div>\n\t\t\t\t<\/div>\n\t\t\t\t\t\t<\/div>\n\t\t\t\t\t<\/div>\n\t\t<\/div>\n\t\t\t\t\t\t\t\t<\/div>\n\t\t\t\t\t<\/div>\n\t\t<\/section>\n\t\t\t\t<section class=\"elementor-section elementor-top-section elementor-element elementor-element-666f2f62 elementor-section-boxed elementor-section-height-default elementor-section-height-default\" data-id=\"666f2f62\" data-element_type=\"section\" data-settings=\"{&quot;background_background&quot;:&quot;classic&quot;}\">\n\t\t\t\t\t\t<div class=\"elementor-container elementor-column-gap-default\">\n\t\t\t\t\t\t\t<div class=\"elementor-row\">\n\t\t\t\t\t<div class=\"elementor-column elementor-col-100 elementor-top-column elementor-element elementor-element-1c3ea7b3\" data-id=\"1c3ea7b3\" data-element_type=\"column\">\n\t\t\t<div class=\"elementor-column-wrap elementor-element-populated\">\n\t\t\t\t\t\t\t<div class=\"elementor-widget-wrap\">\n\t\t\t\t\t\t<div class=\"elementor-element elementor-element-2d98311e elementor-widget elementor-widget-spacer\" data-id=\"2d98311e\" data-element_type=\"widget\" data-widget_type=\"spacer.default\">\n\t\t\t\t<div class=\"elementor-widget-container\">\n\t\t\t\t\t<div class=\"elementor-spacer\">\n\t\t\t<div class=\"elementor-spacer-inner\"><\/div>\n\t\t<\/div>\n\t\t\t\t<\/div>\n\t\t\t\t<\/div>\n\t\t\t\t\t\t<\/div>\n\t\t\t\t\t<\/div>\n\t\t<\/div>\n\t\t\t\t\t\t\t\t<\/div>\n\t\t\t\t\t<\/div>\n\t\t<\/section>\n\t\t\t\t\t\t\t\t\t<\/div>\n\t\t\t<\/div>\n\t\t\t\t\t<\/div>\n\t\t","protected":false},"excerpt":{"rendered":"<p>Volver a men\u00fa canciones Yo ten\u00eda diez perritos https:\/\/www.youtube.com\/watch?v=2BRdh1mQsT0 Fuente:\u00a0https:\/\/www.youtube.com\/watch?v=2BRdh1mQsT0 Yo ten\u00eda diez perritos, yo ten\u00eda diez perritos. Uno se perdi\u00f3 en la nieve. no le quedan m\u00e1s que nueve. De los nueve que quedaban (bis) uno se comi\u00f3 un bizcocho. No le quedan m\u00e1s que ocho. De los ocho [&hellip;]<\/p>\n","protected":false},"author":1,"featured_media":0,"parent":0,"menu_order":0,"comment_status":"closed","ping_status":"closed","template":"elementor_canvas","meta":[],"_links":{"self":[{"href":"https:\/\/www.didacticaymatematicas.info\/SAI-content\/wp-json\/wp\/v2\/pages\/116"}],"collection":[{"href":"https:\/\/www.didacticaymatematicas.info\/SAI-content\/wp-json\/wp\/v2\/pages"}],"about":[{"href":"https:\/\/www.didacticaymatematicas.info\/SAI-content\/wp-json\/wp\/v2\/types\/page"}],"author":[{"embeddable":true,"href":"https:\/\/www.didacticaymatematicas.info\/SAI-content\/wp-json\/wp\/v2\/users\/1"}],"replies":[{"embeddable":true,"href":"https:\/\/www.didacticaymatematicas.info\/SAI-content\/wp-json\/wp\/v2\/comments?post=116"}],"version-history":[{"count":10,"href":"https:\/\/www.didacticaymatematicas.info\/SAI-content\/wp-json\/wp\/v2\/pages\/116\/revisions"}],"predecessor-version":[{"id":2740,"href":"https:\/\/www.didacticaymatematicas.info\/SAI-content\/wp-json\/wp\/v2\/pages\/116\/revisions\/2740"}],"wp:attachment":[{"href":"https:\/\/www.didacticaymatematicas.info\/SAI-content\/wp-json\/wp\/v2\/media?parent=116"}],"curies":[{"name":"wp","href":"https:\/\/api.w.org\/{rel}","templated":true}]}}